{"id":5,"date":"2011-01-17T07:51:43","date_gmt":"2011-01-17T06:51:43","guid":{"rendered":"http:\/\/www.roogo.org\/wp-sadocc-linz\/?page_id=5"},"modified":"2012-09-23T16:28:46","modified_gmt":"2012-09-23T14:28:46","slug":"materialien","status":"publish","type":"page","link":"http:\/\/www.roogo.org\/wp-sadocc-linz\/?page_id=5","title":{"rendered":"Materialien"},"content":{"rendered":"<p>Hier befinden sich einige Dokumente, die uns irgendwann einmal in die H\u00e4nde<br \/>\ngefallen sind und dies es Wert sind, sie verf\u00fcgbar zu halten.<\/p>\n<ul>\n<li>\n<a href=http:\/\/videos.arte.tv\/de\/videos\/robert-mugabe-wer-mit-ungeheuern-kaempft--6923330.html>Video: Sendung \u00fcber Robert Mugabe, ARTE, 19.9.2012, 23.11, ca. 52 Minuten <\/a>\n<\/li>\n<li><a href=\"http:\/\/www.roogo.org\/wp-sadocc-linz\/wp-content\/uploads\/2011\/01\/UebersichtskarteSA.gif\"><img loading=\"lazy\" decoding=\"async\" src=\"http:\/\/www.roogo.org\/wp-sadocc-linz\/wp-content\/uploads\/2011\/01\/UebersichtskarteSA-300x222.gif\" alt=\"\" title=\"\u00dcbersichtskarte S\u00fcdafrika\" width=\"300\" height=\"222\" class=\"aligncenter size-medium wp-image-171\" srcset=\"http:\/\/www.roogo.org\/wp-sadocc-linz\/wp-content\/uploads\/2011\/01\/UebersichtskarteSA-300x222.gif 300w, http:\/\/www.roogo.org\/wp-sadocc-linz\/wp-content\/uploads\/2011\/01\/UebersichtskarteSA.gif 590w\" sizes=\"(max-width: 300px) 100vw, 300px\" \/><\/a><\/li>\n<li><a href=\"http:\/\/www.roogo.org\/wp-sadocc-linz\/wp-content\/uploads\/2011\/01\/africa_pol01.jpg\"><img loading=\"lazy\" decoding=\"async\" src=\"http:\/\/www.roogo.org\/wp-sadocc-linz\/wp-content\/uploads\/2011\/01\/africa_pol01-300x203.jpg\" alt=\"\" title=\"Politische Karte des s\u00fcdlichen Afrikas\" width=\"300\" height=\"203\" class=\"aligncenter size-medium wp-image-173\" srcset=\"http:\/\/www.roogo.org\/wp-sadocc-linz\/wp-content\/uploads\/2011\/01\/africa_pol01-300x203.jpg 300w, http:\/\/www.roogo.org\/wp-sadocc-linz\/wp-content\/uploads\/2011\/01\/africa_pol01.jpg 582w\" sizes=\"(max-width: 300px) 100vw, 300px\" \/><\/a><\/li>\n<li><a href='http:\/\/www.roogo.org\/wp-sadocc-linz\/wp-content\/uploads\/2011\/01\/Gaspard_DA_FH_Linz.pdf'>Evaluation der Integrationsleistung des  Dachverbandes Black Community O\u00d6, Diplomarbeit (FH) von  Gaspard Nyungura (September 2009)<\/a>\n<\/li>\n<li><a href='http:\/\/www.roogo.org\/wp-sadocc-linz\/wp-content\/uploads\/2011\/01\/DasEndeDesElends.pdf'>J.D. Sachs, Das Ende des Elends (2005)<\/a><\/li>\n<li><a href='http:\/\/www.roogo.org\/wp-sadocc-linz\/wp-content\/uploads\/2011\/01\/GeschichteSA.pdf'>Ein geschichtlicher \u00dcberblick (2004)<\/a><\/li>\n<li><a href='http:\/\/www.roogo.org\/wp-sadocc-linz\/wp-content\/uploads\/2011\/01\/CoetzeRede.pdf'>Eine Rede des s\u00fcdafrikanischen Literaturnobelpreistr\u00e4gers J.M. Coetzee (2003)<\/a><\/li>\n<li><a href='http:\/\/www.roogo.org\/wp-sadocc-linz\/wp-content\/uploads\/2011\/01\/UNAidsExecsumm_en.pdf'>Ein Dokument der UNO zu AIDS (2004)<\/a><\/li>\n<li><a href='http:\/\/www.roogo.org\/wp-sadocc-linz\/wp-content\/uploads\/2011\/01\/AIDSAfrika.pdf'>AIDS Konferenz in Barcelona<\/a><\/li>\n<li><a href='http:\/\/www.roogo.org\/wp-sadocc-linz\/wp-content\/uploads\/2011\/01\/LandlosInSA.pdf'>Zum Problem der Landlosigkeit in S\u00fcdafrika (2003)<\/a><\/li>\n<li><a href='http:\/\/www.roogo.org\/wp-sadocc-linz\/wp-content\/uploads\/2011\/01\/Suedafrika_Kongo.pdf'>Zum Einflu\u00df von S\u00fcdafrika auf den Kongo (2004)<\/a><\/li>\n<li><a href='http:\/\/www.roogo.org\/wp-sadocc-linz\/wp-content\/uploads\/2011\/01\/3WahlenInSA.pdf'>Ergebnisse der 3. Wahlen in S\u00fcdafrika (2004)<\/a><\/li>\n<li><a href='http:\/\/www.roogo.org\/wp-sadocc-linz\/wp-content\/uploads\/2011\/01\/ZweiteAfrikanischeSozialforum.pdf'>Das zweite afrikanische Sozialforum in Addis Abbeba (2003)<\/a><\/li>\n<li><a href='http:\/\/www.roogo.org\/wp-sadocc-linz\/wp-content\/uploads\/2011\/01\/KriegAlsDienstleistung.pdf'>KriegAlsDienstleistung<\/a><\/li>\n<li><a href='http:\/\/www.roogo.org\/wp-sadocc-linz\/wp-content\/uploads\/2011\/01\/ZASXhosa.pdf'>Klicklaute in s\u00fcdafrikanischen Sprachen<\/a><\/li>\n<li><a href='http:\/\/www.roogo.org\/wp-sadocc-linz\/wp-content\/uploads\/2011\/01\/Spiegel-Kongo-17-3-1969.pdf'>Spiegel &#8211; Kongo, Tod von Lumumba (17.3.1969)<\/a><\/li>\n<li><a href='http:\/\/www.roogo.org\/wp-sadocc-linz\/wp-content\/uploads\/2011\/01\/20JahreNamibia.pdf'>Zeitungsbeilage 20 Jahre unabh\u00e4ngiges Namibia<\/a><\/li>\n<\/ul>\n","protected":false},"excerpt":{"rendered":"<p>Hier befinden sich einige Dokumente, die uns irgendwann einmal in die H\u00e4nde gefallen sind und dies es Wert sind, sie verf\u00fcgbar zu halten. Video: Sendung \u00fcber Robert Mugabe, ARTE, 19.9.2012, 23.11, ca. 52 Minuten Evaluation der Integrationsleistung des Dachverbandes Black &hellip; <a href=\"http:\/\/www.roogo.org\/wp-sadocc-linz\/?page_id=5\">Continue reading <span class=\"meta-nav\">&rarr;<\/span><\/a><\/p>\n","protected":false},"author":1,"featured_media":0,"parent":0,"menu_order":2,"comment_status":"closed","ping_status":"closed","template":"","meta":{"footnotes":""},"_links":{"self":[{"href":"http:\/\/www.roogo.org\/wp-sadocc-linz\/index.php?rest_route=\/wp\/v2\/pages\/5"}],"collection":[{"href":"http:\/\/www.roogo.org\/wp-sadocc-linz\/index.php?rest_route=\/wp\/v2\/pages"}],"about":[{"href":"http:\/\/www.roogo.org\/wp-sadocc-linz\/index.php?rest_route=\/wp\/v2\/types\/page"}],"author":[{"embeddable":true,"href":"http:\/\/www.roogo.org\/wp-sadocc-linz\/index.php?rest_route=\/wp\/v2\/users\/1"}],"replies":[{"embeddable":true,"href":"http:\/\/www.roogo.org\/wp-sadocc-linz\/index.php?rest_route=%2Fwp%2Fv2%2Fcomments&post=5"}],"version-history":[{"count":52,"href":"http:\/\/www.roogo.org\/wp-sadocc-linz\/index.php?rest_route=\/wp\/v2\/pages\/5\/revisions"}],"predecessor-version":[{"id":469,"href":"http:\/\/www.roogo.org\/wp-sadocc-linz\/index.php?rest_route=\/wp\/v2\/pages\/5\/revisions\/469"}],"wp:attachment":[{"href":"http:\/\/www.roogo.org\/wp-sadocc-linz\/index.php?rest_route=%2Fwp%2Fv2%2Fmedia&parent=5"}],"curies":[{"name":"wp","href":"https:\/\/api.w.org\/{rel}","templated":true}]}}