{"id":32,"date":"2011-01-17T08:25:18","date_gmt":"2011-01-17T07:25:18","guid":{"rendered":"http:\/\/www.roogo.org\/wp-sadocc-linz\/?page_id=32"},"modified":"2011-01-18T20:57:57","modified_gmt":"2011-01-18T19:57:57","slug":"20052006-2","status":"publish","type":"page","link":"http:\/\/www.roogo.org\/wp-sadocc-linz\/?page_id=32","title":{"rendered":"2005\/2006"},"content":{"rendered":"<ul>\n<li>10. Treffen 14.11.2005 &#8211; Ein Abend zu Tansania und Sansibar\n<ul>\n<li>An diesem Abend wurden zwei Video zu Tansania vorgef\u00fchrt und unser Gast David Aigner erz\u00e4hlte uns von seinem Studienaufenthalt in Tansania (University of Daressalam).<\/li>\n<li><a href=\"http:\/\/www.roogo.org\/wp-sadocc-linz\/wp-content\/uploads\/2011\/01\/SADOCCEinladungTreffenNov2005.pdf\">Einladung mit weiteren Informationen<\/a><\/li>\n<\/ul>\n<\/li>\n<li>11. Treffen 30.1.2006 &#8211; Mocambique\n<ul>\n<li>Unser Vortragender Hr. Rainer Burgstaller &#8211; berichtete von seinem Aufenthalt in Mocambique. Er forschte hier f\u00fcr seine Diplomarbeit um Bereich \u00f6kologischer Landbau (Zusammenarbeit mit der BOKU Wien, Institut f\u00fcr Institut f\u00fcr \u00f6kologischen Landbau <a href=\"http:\/\/www.nas.boku.ac.at\/michael-hauser.html\">(Michael Hauser)<\/a><\/li>\n<li><a href=\"http:\/\/www.roogo.org\/wp-sadocc-linz\/wp-content\/uploads\/2011\/01\/SADOCCEinladungTreffenJan2006.pdf\">Einladung mit weiteren Informationen<\/a><\/li>\n<\/ul>\n<\/li>\n<li>12. Treffen 6.4.2006 &#8211; Zeitgem\u00e4\u00dfe Ans\u00e4tze internationaler Entwicklungspolitik\n<ul>\n<li>Unser Vortragender Hr. Dr. Konstantin Huber. Nach etwa 40 Jahren der Entwicklungspolitik sind deren Erfolge vor allem f\u00fcr Afrika eher bescheiden. Daher ist es notwendig dar\u00fcber nachzudenken, warum das so ist, was also falsch gelaufen ist. Dr. Hubers Schwerpunkt waren \u00f6konomische Aspekte und nicht so sehr individuelle (und kleine) Hilfsprojekte. Seine Ausf\u00fchrungen zeigten vor allem eines auf: Wir haben heute Instrumente (\u00f6konomischer und politischer Natur) in der Entwicklungspolitik zur Verf\u00fcgung, die es vor 20 Jahren nicht gab. Vielleicht ist Ende des Kalten Krieges und der Teilung der Welt in einem westlichen und \u00f6stlichen Block (was ein immenses Entwicklungshindernis war) mit ein Grund daf\u00fcr.<\/li>\n<li><a href=\"http:\/\/www.roogo.org\/wp-sadocc-linz\/wp-content\/uploads\/2011\/01\/SADOCCEinladungTreffenApril2006.pdf\">Einladung mit weiteren Informationen<\/a><\/li>\n<div id=\"attachment_143\" style=\"width: 293px\" class=\"wp-caption aligncenter\"><a href=\"http:\/\/www.roogo.org\/wp-sadocc-linz\/wp-content\/uploads\/2011\/01\/KHuber.jpg\"><img loading=\"lazy\" decoding=\"async\" aria-describedby=\"caption-attachment-143\" src=\"http:\/\/www.roogo.org\/wp-sadocc-linz\/wp-content\/uploads\/2011\/01\/KHuber.jpg\" alt=\"\" title=\"Dr. Huber bei seinem Ausf\u00fchrungen\" width=\"283\" height=\"213\" class=\"size-full wp-image-143\" \/><\/a><p id=\"caption-attachment-143\" class=\"wp-caption-text\">Dr. Huber bei seinem Ausf\u00fchrungen<\/p><\/div>\n<div id=\"attachment_144\" style=\"width: 293px\" class=\"wp-caption aligncenter\"><a href=\"http:\/\/www.roogo.org\/wp-sadocc-linz\/wp-content\/uploads\/2011\/01\/Publikum.jpg\"><img loading=\"lazy\" decoding=\"async\" aria-describedby=\"caption-attachment-144\" src=\"http:\/\/www.roogo.org\/wp-sadocc-linz\/wp-content\/uploads\/2011\/01\/Publikum.jpg\" alt=\"\" title=\"Aufmerksame Zuh\u00f6rer und Diskutanten\" width=\"283\" height=\"213\" class=\"size-full wp-image-144\" \/><\/a><p id=\"caption-attachment-144\" class=\"wp-caption-text\">Aufmerksame Zuh\u00f6rer und Diskutanten<\/p><\/div>\n<li><a href=\"http:\/\/www.roogo.org\/wp-sadocc-linz\/wp-content\/uploads\/2011\/01\/KHuberVortrag.pdf\">Vortragsnotizen<\/a><\/li>\n<li><a href=\"http:\/\/www.roogo.org\/wp-sadocc-linz\/wp-content\/uploads\/2011\/01\/DasEndeDerArmut.pdf\">Buch von J. Sachs<\/a><\/li>\n<li><a href=\"http:\/\/www.roogo.org\/wp-sadocc-linz\/wp-content\/uploads\/2011\/01\/DasEndeDesElends.pdf\">Hauptgedanken von J. Sachs<\/a><\/li>\n<\/ul>\n<\/li>\n<li>13. Treffen 3.6.2006 &#8211; Ausflug nach Wine zur Fotoausstellung &#8222;Black Brown White &#8211; Fotografie aus S\u00fcdafrika&#8220;\n<ul>\n<li> Unser diesj\u00e4hriger &#8222;Social Event&#8220; f\u00fchrte uns in das Museumsquartier Wien zu der oben genannten Ausstellung.<\/li>\n<div id=\"attachment_157\" style=\"width: 300px\" class=\"wp-caption aligncenter\"><a href=\"http:\/\/www.roogo.org\/wp-sadocc-linz\/wp-content\/uploads\/2011\/01\/BlackBrownWhiteWienFolder.jpg\"><img loading=\"lazy\" decoding=\"async\" aria-describedby=\"caption-attachment-157\" src=\"http:\/\/www.roogo.org\/wp-sadocc-linz\/wp-content\/uploads\/2011\/01\/BlackBrownWhiteWienFolder-290x300.jpg\" alt=\"\" title=\"Der Ausstellungsfolder\" width=\"290\" height=\"300\" class=\"size-medium wp-image-157\" srcset=\"http:\/\/www.roogo.org\/wp-sadocc-linz\/wp-content\/uploads\/2011\/01\/BlackBrownWhiteWienFolder-290x300.jpg 290w, http:\/\/www.roogo.org\/wp-sadocc-linz\/wp-content\/uploads\/2011\/01\/BlackBrownWhiteWienFolder.jpg 551w\" sizes=\"(max-width: 290px) 100vw, 290px\" \/><\/a><p id=\"caption-attachment-157\" class=\"wp-caption-text\">Der Ausstellungsfolder<\/p><\/div>\n<div id=\"attachment_159\" style=\"width: 310px\" class=\"wp-caption aligncenter\"><a href=\"http:\/\/www.roogo.org\/wp-sadocc-linz\/wp-content\/uploads\/2011\/01\/BBWBesucher.jpg\"><img loading=\"lazy\" decoding=\"async\" aria-describedby=\"caption-attachment-159\" src=\"http:\/\/www.roogo.org\/wp-sadocc-linz\/wp-content\/uploads\/2011\/01\/BBWBesucher-300x225.jpg\" alt=\"\" title=\"Ein paar Besucher\" width=\"300\" height=\"225\" class=\"size-medium wp-image-159\" srcset=\"http:\/\/www.roogo.org\/wp-sadocc-linz\/wp-content\/uploads\/2011\/01\/BBWBesucher-300x225.jpg 300w, http:\/\/www.roogo.org\/wp-sadocc-linz\/wp-content\/uploads\/2011\/01\/BBWBesucher.jpg 397w\" sizes=\"(max-width: 300px) 100vw, 300px\" \/><\/a><p id=\"caption-attachment-159\" class=\"wp-caption-text\">Ein paar Besucher<\/p><\/div>\n<\/ul>\n<\/li>\n<li>14. Treffen 11.7.2006 &#8211; Gespr\u00e4ch mit dem Premierminister des Western Cape, Ebrahim Rasool im Arcotel Linz\n<ul>\n<li> Am 11. und 12. Juli 2006 fand eine &#8222;Konferenz der Regierungschefs&#8220; verschiedener Regionen (Bayer, Quebec, Shandong, Westkap, Sao Paulo und Ober\u00f6stereich) in Linz statt. Auf Anregung und Vermittlung des Landes \u00d6ber\u00f6sterreich, der Botschaft von S\u00fcdafrika in Wien und des s\u00fcdafrikanischen Konsulates in Linz stand uns der s\u00fcdafrikanische Teilnehmer &#8211; Premierminister Ebrahim Rasool (des Westkaps, jene Region, in der sich Kapstadt befindet) &#8211; f\u00fcr ein Gesp\u00e4ch zur Verf\u00fcgung, in dem er uns seine Sicht der gegenw\u00e4rtigen Situation in S\u00fcdafrika darlegte. Hier finden Sie die Homepage von PM Rasool:  <a href=\"http:\/\/www.capegateway.gov.za\/eng\/gov_employees\/16296\"><br \/>\nhttp:\/\/www.capegateway.gov.za\/eng\/gov_employees\/16296<\/a><\/li>\n<p><div id=\"attachment_162\" style=\"width: 310px\" class=\"wp-caption aligncenter\"><a href=\"http:\/\/www.roogo.org\/wp-sadocc-linz\/wp-content\/uploads\/2011\/01\/TeamRasool.jpg\"><img loading=\"lazy\" decoding=\"async\" aria-describedby=\"caption-attachment-162\" src=\"http:\/\/www.roogo.org\/wp-sadocc-linz\/wp-content\/uploads\/2011\/01\/TeamRasool-300x225.jpg\" alt=\"\" title=\"DerPremierminister Ebrahim Rasool und sein Team beim Gespr\u00e4ch\" width=\"300\" height=\"225\" class=\"size-medium wp-image-162\" srcset=\"http:\/\/www.roogo.org\/wp-sadocc-linz\/wp-content\/uploads\/2011\/01\/TeamRasool-300x225.jpg 300w, http:\/\/www.roogo.org\/wp-sadocc-linz\/wp-content\/uploads\/2011\/01\/TeamRasool.jpg 397w\" sizes=\"(max-width: 300px) 100vw, 300px\" \/><\/a><p id=\"caption-attachment-162\" class=\"wp-caption-text\">DerPremierminister Ebrahim Rasool und sein Team beim Gespr\u00e4ch<\/p><\/div>\n<\/ul>\n<\/li>\n<\/ul>\n","protected":false},"excerpt":{"rendered":"<p>10. Treffen 14.11.2005 &#8211; Ein Abend zu Tansania und Sansibar An diesem Abend wurden zwei Video zu Tansania vorgef\u00fchrt und unser Gast David Aigner erz\u00e4hlte uns von seinem Studienaufenthalt in Tansania (University of Daressalam). Einladung mit weiteren Informationen 11. Treffen &hellip; <a href=\"http:\/\/www.roogo.org\/wp-sadocc-linz\/?page_id=32\">Continue reading <span class=\"meta-nav\">&rarr;<\/span><\/a><\/p>\n","protected":false},"author":1,"featured_media":0,"parent":2,"menu_order":18,"comment_status":"closed","ping_status":"closed","template":"","meta":{"footnotes":""},"_links":{"self":[{"href":"http:\/\/www.roogo.org\/wp-sadocc-linz\/index.php?rest_route=\/wp\/v2\/pages\/32"}],"collection":[{"href":"http:\/\/www.roogo.org\/wp-sadocc-linz\/index.php?rest_route=\/wp\/v2\/pages"}],"about":[{"href":"http:\/\/www.roogo.org\/wp-sadocc-linz\/index.php?rest_route=\/wp\/v2\/types\/page"}],"author":[{"embeddable":true,"href":"http:\/\/www.roogo.org\/wp-sadocc-linz\/index.php?rest_route=\/wp\/v2\/users\/1"}],"replies":[{"embeddable":true,"href":"http:\/\/www.roogo.org\/wp-sadocc-linz\/index.php?rest_route=%2Fwp%2Fv2%2Fcomments&post=32"}],"version-history":[{"count":27,"href":"http:\/\/www.roogo.org\/wp-sadocc-linz\/index.php?rest_route=\/wp\/v2\/pages\/32\/revisions"}],"predecessor-version":[{"id":337,"href":"http:\/\/www.roogo.org\/wp-sadocc-linz\/index.php?rest_route=\/wp\/v2\/pages\/32\/revisions\/337"}],"up":[{"embeddable":true,"href":"http:\/\/www.roogo.org\/wp-sadocc-linz\/index.php?rest_route=\/wp\/v2\/pages\/2"}],"wp:attachment":[{"href":"http:\/\/www.roogo.org\/wp-sadocc-linz\/index.php?rest_route=%2Fwp%2Fv2%2Fmedia&parent=32"}],"curies":[{"name":"wp","href":"https:\/\/api.w.org\/{rel}","templated":true}]}}